{"id":137,"date":"2023-12-22T08:05:01","date_gmt":"2023-12-22T08:05:01","guid":{"rendered":"https:\/\/bibliotekavirtuale.com\/?page_id=137"},"modified":"2023-12-25T13:49:57","modified_gmt":"2023-12-25T13:49:57","slug":"librid-platforma-e-menaxhimit-te-bibliotekes","status":"publish","type":"page","link":"https:\/\/bibliotekavirtuale.com\/index.php\/librid-platforma-e-menaxhimit-te-bibliotekes\/","title":{"rendered":"LIBRID-Platforma e Menaxhimit t\u00eb Bibliotek\u00ebs"},"content":{"rendered":"\t\t<div data-elementor-type=\"wp-page\" data-elementor-id=\"137\" class=\"elementor elementor-137\">\n\t\t\t\t<div class=\"elementor-element elementor-element-cd39285 e-flex e-con-boxed e-con e-parent\" data-id=\"cd39285\" data-element_type=\"container\">\n\t\t\t\t\t<div class=\"e-con-inner\">\n\t\t\t\t<div class=\"elementor-element elementor-element-5d8efe3 elementor-widget elementor-widget-shortcode\" data-id=\"5d8efe3\" data-element_type=\"widget\" data-widget_type=\"shortcode.default\">\n\t\t\t\t<div class=\"elementor-widget-container\">\n\t\t\t\t\t\t\t<div class=\"elementor-shortcode\"><\/div>\n\t\t\t\t\t\t<\/div>\n\t\t\t\t<\/div>\n\t\t\t\t\t<\/div>\n\t\t\t\t<\/div>\n\t\t<div class=\"elementor-element elementor-element-d033f75 e-flex e-con-boxed e-con e-parent\" data-id=\"d033f75\" data-element_type=\"container\">\n\t\t\t\t\t<div class=\"e-con-inner\">\n\t\t\t\t<div class=\"elementor-element elementor-element-6b777c1 elementor-widget elementor-widget-heading\" data-id=\"6b777c1\" data-element_type=\"widget\" data-widget_type=\"heading.default\">\n\t\t\t\t<div class=\"elementor-widget-container\">\n\t\t\t\t\t<h2 class=\"elementor-heading-title elementor-size-default\">Pse ?<\/h2>\t\t\t\t<\/div>\n\t\t\t\t<\/div>\n\t\t\t\t\t<\/div>\n\t\t\t\t<\/div>\n\t\t<div class=\"elementor-element elementor-element-f8b1a64 e-flex e-con-boxed e-con e-parent\" data-id=\"f8b1a64\" data-element_type=\"container\">\n\t\t\t\t\t<div class=\"e-con-inner\">\n\t\t\t\t<div class=\"elementor-element elementor-element-6d2338d elementor-widget elementor-widget-text-editor\" data-id=\"6d2338d\" data-element_type=\"widget\" data-widget_type=\"text-editor.default\">\n\t\t\t\t<div class=\"elementor-widget-container\">\n\t\t\t\t\t\t\t\t\t<p>LIBRID \u00ebsht\u00eb sistemi i par\u00eb i integruar i automatizimit t\u00eb bibliotekave RFID n\u00eb bot\u00eb&#8230; Ajo q\u00eb e dallon LIBRID nga t\u00eb gjitha sistemet e tjera t\u00eb automatizimit \u00ebsht\u00eb se \u00ebsht\u00eb projektuar duke pasur parasysh teknologjin\u00eb RFID.<\/p><p>LIBRID ofron nj\u00eb spekt\u00ebr t\u00eb gjer\u00eb zgjidhjesh t\u00eb shumta p\u00ebr bibliotekat. P\u00ebrve\u00e7 p\u00ebrdorimit t\u00eb teknologjis\u00eb RFID n\u00eb nj\u00eb nivel t\u00eb lart\u00eb, ajo ofron nj\u00eb arkitektur\u00eb fleksib\u00ebl q\u00eb mund t\u00eb zhvillohet sipas nevojave t\u00eb bibliotekave si nj\u00eb alternativ\u00eb ndaj sistemeve t\u00eb tjera t\u00eb automatizimit n\u00eb k\u00ebt\u00eb sektor. Nuk ka nevoj\u00eb ta mb\u00ebshtesni at\u00eb me nd\u00ebrfaqe t\u00eb tjera p\u00ebr menaxhimin e inventarit, sigurin\u00eb, zbulimin e materialeve dhe menaxhimin e rafteve, transaksionet e huas\u00eb\/kthimit dhe t\u00eb vet\u00ebkontrollit.<\/p><p><strong>Infrastruktura Teknologjike e LIBRID-it<\/strong><\/p><p>&#8211; &#8220;Platforma e pavarur&#8221; (Windows, Unix, Linux)<br \/>&#8211; &#8220;Aplikacion n\u00eb internet&#8221; i bazuar n\u00eb MVC (Model-View-Controller)<br \/>&#8211; &#8220;Pavarur nga baza e t\u00eb dh\u00ebnave&#8221; (MSSQL, MySQL, Oracle, PostgreSQL)<br \/>&#8211; P\u00ebrdorues miq\u00ebsor, i thjesht\u00eb, i shpejt\u00eb<br \/>&#8211; Mund t\u00eb personalizohet<br \/>&#8211; MARC21, Z39.50, SIP2<br \/>&#8211; Unicode, UTF8<br \/>&#8211; Barkodi, RFID<br \/>&#8211; Shk\u00ebmbimi elektronik i t\u00eb dh\u00ebnave (EDI)<\/p><p>Sistemi i Menaxhimit dhe Siguris\u00eb s\u00eb Koleksionit LIBREF leht\u00ebson proceset e biznesit nga regjistrimi i materialeve deri te koleksioni, kryerja e transaksioneve t\u00eb inventarit t\u00eb t\u00eb gjith\u00eb koleksionit, sigurimi i menaxhimit t\u00eb rafteve, skanimi dhe gjetja e nj\u00eb artikulli q\u00eb nuk mund t\u00eb gjendet n\u00eb raft dhe t\u00eb k\u00ebrkohet nga lexuesi n\u00eb koleksion. me ndihm\u00ebn e nj\u00eb terminali dore, nga kryerja e transaksioneve t\u00eb huadh\u00ebnies\/kthimit t\u00eb materialit deri te sigurimi i kontrollit t\u00eb siguris\u00eb, ofron infrastruktur\u00ebn teknologjike q\u00eb p\u00ebrshpejton dhe p\u00ebrshpejton n\u00eb sh\u00ebrbim t\u00eb bibliotekave.<\/p><p>Sistemi i Menaxhimit dhe Siguris\u00eb s\u00eb Koleksionit LIBREF p\u00ebrb\u00ebhet nga gjasht\u00eb module t\u00eb ndryshme q\u00eb leht\u00ebsojn\u00eb proceset e biznesit t\u00eb bibliotekave dhe u ofrojn\u00eb bibliotekave nj\u00eb zgjidhje nga fillimi n\u00eb fund.<\/p>\t\t\t\t\t\t\t\t<\/div>\n\t\t\t\t<\/div>\n\t\t\t\t\t<\/div>\n\t\t\t\t<\/div>\n\t\t<div class=\"elementor-element elementor-element-0e0040d e-flex e-con-boxed e-con e-parent\" data-id=\"0e0040d\" data-element_type=\"container\">\n\t\t\t\t\t<div class=\"e-con-inner\">\n\t\t\t\t<div class=\"elementor-element elementor-element-168a692 elementor-tabs-view-horizontal elementor-widget elementor-widget-tabs\" data-id=\"168a692\" data-element_type=\"widget\" data-widget_type=\"tabs.default\">\n\t\t\t\t<div class=\"elementor-widget-container\">\n\t\t\t\t\t\t\t<div class=\"elementor-tabs\">\n\t\t\t<div class=\"elementor-tabs-wrapper\" role=\"tablist\" >\n\t\t\t\t\t\t\t\t\t<div id=\"elementor-tab-title-2361\" class=\"elementor-tab-title elementor-tab-desktop-title\" aria-selected=\"true\" data-tab=\"1\" role=\"tab\" tabindex=\"0\" aria-controls=\"elementor-tab-content-2361\" aria-expanded=\"false\">OPAC<\/div>\n\t\t\t\t\t\t\t\t\t<div id=\"elementor-tab-title-2362\" class=\"elementor-tab-title elementor-tab-desktop-title\" aria-selected=\"false\" data-tab=\"2\" role=\"tab\" tabindex=\"-1\" aria-controls=\"elementor-tab-content-2362\" aria-expanded=\"false\"> KATALOGIMI<\/div>\n\t\t\t\t\t\t\t\t\t<div id=\"elementor-tab-title-2363\" class=\"elementor-tab-title elementor-tab-desktop-title\" aria-selected=\"false\" data-tab=\"3\" role=\"tab\" tabindex=\"-1\" aria-controls=\"elementor-tab-content-2363\" aria-expanded=\"false\">MODULI I MENAXHIMIT<\/div>\n\t\t\t\t\t\t\t\t\t<div id=\"elementor-tab-title-2364\" class=\"elementor-tab-title elementor-tab-desktop-title\" aria-selected=\"false\" data-tab=\"4\" role=\"tab\" tabindex=\"-1\" aria-controls=\"elementor-tab-content-2364\" aria-expanded=\"false\">AKSESOR<\/div>\n\t\t\t\t\t\t\t\t\t<div id=\"elementor-tab-title-2365\" class=\"elementor-tab-title elementor-tab-desktop-title\" aria-selected=\"false\" data-tab=\"5\" role=\"tab\" tabindex=\"-1\" aria-controls=\"elementor-tab-content-2365\" aria-expanded=\"false\">QARKULLIMI<\/div>\n\t\t\t\t\t\t\t\t\t<div id=\"elementor-tab-title-2366\" class=\"elementor-tab-title elementor-tab-desktop-title\" aria-selected=\"false\" data-tab=\"6\" role=\"tab\" tabindex=\"-1\" aria-controls=\"elementor-tab-content-2366\" aria-expanded=\"false\">PERIODIKALE<\/div>\n\t\t\t\t\t\t\t\t\t<div id=\"elementor-tab-title-2367\" class=\"elementor-tab-title elementor-tab-desktop-title\" aria-selected=\"false\" data-tab=\"7\" role=\"tab\" tabindex=\"-1\" aria-controls=\"elementor-tab-content-2367\" aria-expanded=\"false\">MENAXHIMI DHE MJETET E SISTEMIT<\/div>\n\t\t\t\t\t\t\t\t\t<div id=\"elementor-tab-title-2368\" class=\"elementor-tab-title elementor-tab-desktop-title\" aria-selected=\"false\" data-tab=\"8\" role=\"tab\" tabindex=\"-1\" aria-controls=\"elementor-tab-content-2368\" aria-expanded=\"false\">RAPORTIMI<\/div>\n\t\t\t\t\t\t\t<\/div>\n\t\t\t<div class=\"elementor-tabs-content-wrapper\" role=\"tablist\" aria-orientation=\"vertical\">\n\t\t\t\t\t\t\t\t\t<div class=\"elementor-tab-title elementor-tab-mobile-title\" aria-selected=\"true\" data-tab=\"1\" role=\"tab\" tabindex=\"0\" aria-controls=\"elementor-tab-content-2361\" aria-expanded=\"false\">OPAC<\/div>\n\t\t\t\t\t<div id=\"elementor-tab-content-2361\" class=\"elementor-tab-content elementor-clearfix\" data-tab=\"1\" role=\"tabpanel\" aria-labelledby=\"elementor-tab-title-2361\" tabindex=\"0\" hidden=\"false\"><p>Moduli i gjenerat\u00ebs s\u00eb re OPAC \u00ebsht\u00eb nj\u00eb modul i krijuar posa\u00e7\u00ebrisht q\u00eb synon t\u00eb rris\u00eb dhe p\u00ebrmir\u00ebsoj\u00eb p\u00ebrvoj\u00ebn bibliotekare t\u00eb p\u00ebrdoruesve t\u00eb bibliotek\u00ebs. Me opsionin e k\u00ebrkimit t\u00eb avancuar n\u00eb OPAC, libri i d\u00ebshiruar mund t\u00eb gjendet leht\u00ebsisht, mund t\u00eb kontrollohet n\u00ebse libri \u00ebsht\u00eb n\u00eb bibliotek\u00eb, n\u00ebse libri nuk mund t\u00eb gjendet, mund t\u00eb b\u00ebhet nj\u00eb k\u00ebrkes\u00eb, mund t\u00eb krijohen lista dhe mund t\u00eb b\u00ebhen librat e preferuar. ndjekur, dhe k\u00ebshtu, nj\u00eb p\u00ebrvoj\u00eb e v\u00ebrtet\u00eb bibliotekare mund t\u00eb p\u00ebrjetohet n\u00eb internet kudo.<\/p><ul><li>Opsione t\u00eb thjeshta skanimi t\u00eb p\u00ebrshtatshme p\u00ebr ekspert\u00eb ose p\u00ebrdorues pa njohuri p\u00ebr sistemin<\/li><li>Opsione t\u00eb avancuara t\u00eb skanimit q\u00eb mund t\u00eb p\u00ebrcaktohen sipas nevoj\u00ebs<\/li><li>Metodat inteligjente t\u00eb k\u00ebrkimit dhe opsionet e filtrimit q\u00eb ju lejojn\u00eb t\u00eb kaloni nga e p\u00ebrgjithshme n\u00eb at\u00eb specifike<\/li><li>Opsioni p\u00ebr t\u00eb k\u00ebrkuar materiale<\/li><li>Shikimi i statusit &#8220;n\u00eb pritje&#8221;, &#8220;miratimi&#8221; ose &#8220;refuzimi&#8221; n\u00eb lidhje me k\u00ebrkes\u00ebn materiale<\/li><li>Opsionet e informacionit vizual n\u00eb lidhje me statusin dhe informacionin e vendndodhjes s\u00eb burimeve t\u00eb bibliotek\u00ebs<\/li><li>Arkivat personale t\u00eb shfletimit q\u00eb ndihmojn\u00eb studiuesit t\u00eb krijojn\u00eb bibliografi dhe citate<\/li><li>Mund\u00ebsia p\u00ebr t&#8217;u lidhur me mediat sociale<\/li><li>Mb\u00ebshtetje shum\u00eb-gjuh\u00ebshe<\/li><li>P\u00ebrcaktimi i zonave t\u00eb p\u00ebrmbledhjes\/p\u00ebrmbledhjes s\u00eb zgjeruar dhe paraqitjes s\u00eb detajeve nga bibliotekari sipas llojeve t\u00eb materialit<\/li><li>P\u00ebrcaktimi dhe rregullimi i zonave t\u00eb skanueshme nga bibliotekari<\/li><li>Aft\u00ebsia p\u00ebr t\u00eb zgjedhur fushat n\u00eb filtrim dhe k\u00ebrkim t\u00eb detajuar<\/li><li>Shikimi i imazheve t\u00eb kopertin\u00ebs dhe shoq\u00ebrimi i imazheve t\u00eb kopertin\u00ebs n\u00eb internet sipas ISBN<\/li><li>Aft\u00ebsia p\u00ebr t\u00eb punuar n\u00eb p\u00ebrputhje me produktet e pasurimit t\u00eb p\u00ebrmbajtjes<\/li><\/ul><p>Me modulin e inventarit LIBREF;<\/p><p>* Num\u00ebrimi i shpejt\u00eb i materialeve n\u00eb bibliotek\u00eb me nj\u00eb terminal dore,<br \/>* Transmetimi i list\u00ebs s\u00eb materialeve t\u00eb num\u00ebruara n\u00eb sistemin qendror t\u00eb aplikacionit n\u00ebp\u00ebrmjet rrjetit me val\u00eb\/wire,<br \/>* Materialet e lexuara n\u00eb qarkullim dhe n\u00eb portat e siguris\u00eb p\u00ebrfshihen n\u00eb num\u00ebrim dhe k\u00ebshtu biblioteka vazhdon t\u00eb ofroj\u00eb sh\u00ebrbime pa u mbyllur p\u00ebr num\u00ebrim.<br \/>* Renditja e rezultateve t\u00eb regjistrimit sipas kritereve t\u00eb ndryshme dhe nxjerrja e raporteve,<br \/>* Duke krijuar vendndodhjen dhe num\u00ebrimin e bazuar n\u00eb mbledhje n\u00eb aplikacionin qendror, num\u00ebrimi b\u00ebhet me m\u00eb shum\u00eb se nj\u00eb terminal n\u00eb dor\u00eb n\u00eb t\u00eb nj\u00ebjt\u00ebn koh\u00eb, duke lejuar q\u00eb num\u00ebrimi t\u00eb p\u00ebrfundoj\u00eb m\u00eb shpejt.<\/p><\/div>\n\t\t\t\t\t\t\t\t\t<div class=\"elementor-tab-title elementor-tab-mobile-title\" aria-selected=\"false\" data-tab=\"2\" role=\"tab\" tabindex=\"-1\" aria-controls=\"elementor-tab-content-2362\" aria-expanded=\"false\"> KATALOGIMI<\/div>\n\t\t\t\t\t<div id=\"elementor-tab-content-2362\" class=\"elementor-tab-content elementor-clearfix\" data-tab=\"2\" role=\"tabpanel\" aria-labelledby=\"elementor-tab-title-2362\" tabindex=\"0\" hidden=\"hidden\"><p>Nd\u00ebrsa \u00e7do personel me p\u00ebrvoj\u00eb ose pa p\u00ebrvoj\u00eb q\u00eb kryen procesin e katalogimit krijon katalogun e bibliotek\u00ebs, LIBRID udh\u00ebzon p\u00ebrdoruesin duke shfaqur sjellje inteligjente dhe siguron q\u00eb t\u00eb dh\u00ebnat t\u00eb p\u00ebrpunohen n\u00eb p\u00ebrputhje me &#8216;Rregullat Anglo-Amerikane t\u00eb Katalogimit&#8217;.<\/p><p>P\u00ebr t\u00eb eliminuar ngarkes\u00ebn e krijimit t\u00eb t\u00eb dh\u00ebnave, \u00ebsht\u00eb shum\u00eb e r\u00ebnd\u00ebsishme q\u00eb t\u00eb gjith\u00eb programet e automatizimit t\u00eb marrin t\u00eb dh\u00ebna t\u00eb sakta bibliografike nga sh\u00ebrbimet e automatizimit t\u00eb p\u00ebrdorura globalisht. LIBRID, i cili merr standardet UTF8 si referenc\u00eb, i shton k\u00ebto t\u00eb dh\u00ebna n\u00eb repertorin e tij t\u00eb katalogut pa asnj\u00eb modifikim, p\u00ebrve\u00e7 rastit kur ka nj\u00eb korrupsion n\u00eb burim. P\u00ebrdoruesi mund t&#8217;i rishikoj\u00eb leht\u00ebsisht k\u00ebto t\u00eb dh\u00ebna dhe t&#8217;i p\u00ebrfshij\u00eb ato n\u00eb baz\u00ebn e t\u00eb dh\u00ebnave t\u00eb katalogut.<\/p><p>&#8220;Biblioteka e Kongresit&#8221;, e cila p\u00ebrcakton standardet MARC, i shton nj\u00eb standard t\u00eb ri arkitektur\u00ebs s\u00eb saj fleksib\u00ebl, por t\u00eb fort\u00eb n\u00eb p\u00ebrputhje me ndryshimet teknologjike dhe kuptimet e treguara nga materialet, dhe kjo struktur\u00eb e re mund t\u00eb p\u00ebrcaktohet leht\u00ebsisht n\u00eb LIBRID.<\/p><p>\u00cbsht\u00eb gjithashtu e mundur t\u00eb krijohen tituj MARC specifik\u00eb t\u00eb bibliotek\u00ebs me p\u00ebrkufizimet e sakta n\u00eb regjistrimet MARC q\u00eb duhet t\u00eb krijohen p\u00ebr p\u00ebrkufizime specifike t\u00eb bibliotek\u00ebs, sipas nevoj\u00ebs.<\/p><p><strong>Me modulin e katalogimit<\/strong><\/p><ul><li>Shkarkimi dhe redaktimi i regjistrimeve bibliografike n\u00eb formatin MARC nga bazat e t\u00eb dh\u00ebnave lokale ose t\u00eb larg\u00ebta,<\/li><li>Shtimi i regjistrimeve bibliografike, p\u00ebrputhja dhe shtimi i materialeve,<\/li><li>Bashkimi i t\u00eb dh\u00ebnave bibliografike,<\/li><li>Shtimi n\u00eb mas\u00eb MARC (mrc),<\/li><li>Shtimi i autoritetit, k\u00ebrkimi, redaktimi dhe bashkimi, shoq\u00ebrimi n\u00eb mas\u00eb,<\/li><li>Redaktimi i informacionit t\u00eb materialit,<br \/>menaxhimin e burimeve dixhitale,<\/li><li>\u00cbsht\u00eb e mundur t\u00eb merren raporte etiketash dhe t\u00eb printohen etiketa t\u00eb vetme.<\/li><\/ul><\/div>\n\t\t\t\t\t\t\t\t\t<div class=\"elementor-tab-title elementor-tab-mobile-title\" aria-selected=\"false\" data-tab=\"3\" role=\"tab\" tabindex=\"-1\" aria-controls=\"elementor-tab-content-2363\" aria-expanded=\"false\">MODULI I MENAXHIMIT<\/div>\n\t\t\t\t\t<div id=\"elementor-tab-content-2363\" class=\"elementor-tab-content elementor-clearfix\" data-tab=\"3\" role=\"tabpanel\" aria-labelledby=\"elementor-tab-title-2363\" tabindex=\"0\" hidden=\"hidden\"><p>Moduli i Menaxhimit \u00ebsht\u00eb ekrani i menaxhimit t\u00eb automatizimit ku menaxher\u00ebt e bibliotek\u00ebs mund t\u00eb b\u00ebjn\u00eb ndryshime n\u00eb module dhe t\u00eb p\u00ebrcaktojn\u00eb parametrat.<\/p><p><strong>Moduli i menaxhimit kryen funksionet e m\u00ebposhtme;<\/strong><\/p><ul><li>Krijimi dhe p\u00ebrcaktimi i fondeve n\u00eb p\u00ebrputhje me buxhetin e bibliotek\u00ebs<\/li><li>Lejimi i p\u00ebrdoruesve t\u00eb ndrysh\u00ebm p\u00ebr t\u00eb dh\u00ebn\u00eb t\u00eb drejta mbi funksione t\u00eb ndryshme<\/li><li>Krijimi i opsioneve dhe p\u00ebrkufizimeve t\u00eb gjuh\u00ebs bazuar n\u00eb p\u00ebrdorues<\/li><li>Shtimi dhe heqja e fushave dhe n\u00ebnfushat MARC n\u00eb p\u00ebrputhje me politik\u00ebn e bibliotek\u00ebs p\u00ebr t\u00eb gjitha llojet e artikujve<\/li><li>Aft\u00ebsia p\u00ebr t\u00eb krijuar shabllone t\u00eb regjistrimit t\u00eb autoritetit MARC<\/li><li>Sigurimi q\u00eb p\u00ebrcaktohen situata t\u00eb tilla si p\u00ebrs\u00ebritshm\u00ebria dhe nevoja n\u00eb shabllone<\/li><li>P\u00ebrcaktimi i rregullave n\u00eb lidhje me periudhat e huazimit, nd\u00ebshkimit, rinovimit dhe huazimit p\u00ebr an\u00ebtar\u00ebt e bibliotek\u00ebs<\/li><li>Krijimi i burimeve Z39.50<\/li><li>P\u00ebrcaktimi i monedhave<\/li><li>Lloji i p\u00ebrdoruesit dhe identifikimi i p\u00ebrdoruesit<\/li><li>Bibliotekari mund t\u00eb krijoj\u00eb shabllone t\u00eb post\u00ebs elektronike q\u00eb duhet t&#8217;u d\u00ebrgohen p\u00ebrdoruesve.<\/li><li>Aft\u00ebsia p\u00ebr t\u00eb krijuar biblioteka dhe deg\u00eb<\/li><li>Aft\u00ebsia p\u00ebr t\u00eb p\u00ebrcaktuar llojet e materialeve<\/li><\/ul><\/div>\n\t\t\t\t\t\t\t\t\t<div class=\"elementor-tab-title elementor-tab-mobile-title\" aria-selected=\"false\" data-tab=\"4\" role=\"tab\" tabindex=\"-1\" aria-controls=\"elementor-tab-content-2364\" aria-expanded=\"false\">AKSESOR<\/div>\n\t\t\t\t\t<div id=\"elementor-tab-content-2364\" class=\"elementor-tab-content elementor-clearfix\" data-tab=\"4\" role=\"tabpanel\" aria-labelledby=\"elementor-tab-title-2364\" tabindex=\"0\" hidden=\"hidden\"><p>Moduli i aksesit, i cili lejon personelin e bibliotek\u00ebs t\u00eb organizoj\u00eb dhe ndjek\u00eb procesin e k\u00ebrkes\u00ebs p\u00ebr materiale nga fillimi n\u00eb fund, siguron q\u00eb procesi i furnizimit me material t\u00eb kryhet shpejt dhe me leht\u00ebsi, fal\u00eb p\u00ebrdorimit t\u00eb tij t\u00eb leht\u00eb dhe integrimit me modulet e tjera.<\/p><p><strong>Me modulin e aksesit<\/strong><\/p><ul><li>Aft\u00ebsia p\u00ebr t\u00eb marr\u00eb k\u00ebrkesa nga p\u00ebrdoruesit,<\/li><li>Aft\u00ebsia p\u00ebr t\u00eb ngarkuar listat e d\u00ebshirave,<\/li><li>Aft\u00ebsia p\u00ebr t\u00eb shkarkuar listat e porosive,<\/li><li>Krijimi i nj\u00eb rekord porosie,<\/li><li>Shkarkimi dhe krijimi i regjistrimeve bibliografike, marrja, faturimi,<\/li><li>Regjistrimi i informacionit t\u00eb ofruesve,<\/li><li>\u00cbsht\u00eb e mundur t\u00eb caktohen asetet dhe t\u00eb shtohen informacione materiale n\u00eb materialin e marr\u00eb.<\/li><\/ul><p>P\u00ebrve\u00e7 funksioneve baz\u00eb; P\u00ebrpara se t\u00eb b\u00ebni nj\u00eb porosi, ai ofron mund\u00ebsin\u00eb p\u00ebr t\u00eb kontrolluar regjistrimin sipas ISBN-s\u00eb, emrit t\u00eb librit, emrit t\u00eb autorit, emrit t\u00eb seris\u00eb ose pikave t\u00eb tjera t\u00eb aksesit p\u00ebr t\u00eb parandaluar regjistrimet e dyfishta.<\/p><\/div>\n\t\t\t\t\t\t\t\t\t<div class=\"elementor-tab-title elementor-tab-mobile-title\" aria-selected=\"false\" data-tab=\"5\" role=\"tab\" tabindex=\"-1\" aria-controls=\"elementor-tab-content-2365\" aria-expanded=\"false\">QARKULLIMI<\/div>\n\t\t\t\t\t<div id=\"elementor-tab-content-2365\" class=\"elementor-tab-content elementor-clearfix\" data-tab=\"5\" role=\"tabpanel\" aria-labelledby=\"elementor-tab-title-2365\" tabindex=\"0\" hidden=\"hidden\"><p>Fal\u00eb ve\u00e7oris\u00eb s\u00eb tij t\u00eb integruar UHF RFID, Moduli i Qarkullimit LIBRID, i cili ofron operacione t\u00eb shumta dhe t\u00eb shpejta n\u00eb transaksionet e huadh\u00ebnies\/kthimit, rregullat e t\u00eb cilave p\u00ebrcaktohen nga administratori, \u00ebsht\u00eb i gatsh\u00ebm t\u00eb leht\u00ebsoj\u00eb integrimin me sisteme t\u00eb tjera informacioni brenda institucionit (sistemi i informacionit t\u00eb personelit , sistemi i informacionit t\u00eb student\u00ebve, etj.) ku regjistrohen informacionet e personelit dhe an\u00ebtar\u00ebve, ofron sh\u00ebrbime t\u00eb dh\u00ebnash. P\u00ebrve\u00e7 k\u00ebtyre sh\u00ebrbimeve, ai mund t\u00eb funksionoj\u00eb edhe i integruar me t\u00eb gjitha stacionet e huadh\u00ebnies\/kthimit automatik q\u00eb mb\u00ebshtesin k\u00ebt\u00eb protokoll p\u00ebrmes sh\u00ebrbimit t\u00eb integruar t\u00eb serverit SIP2.<\/p><p><strong>Me Modulin e Qarkullimit<\/strong><\/p><ul><li>Mbajtja e sh\u00ebnimeve t\u00eb materialeve t\u00eb huazuara,<\/li><li>P\u00ebrcaktimi i rregullave t\u00eb qarkullimit duke p\u00ebrcaktuar koleksionin, llojin e artikullit dhe llojin e lexuesit:<\/li><li>Rregulli i huas\u00eb<\/li><li>Rregulli i llogaritjes s\u00eb d\u00ebnimit<\/li><li>Rregulli i rifreskimit<\/li><li>Rregulli i rezervuar<\/li><li>Identifikimi i lexuesve t\u00eb rinj,<\/li><li>Redaktimi i informacionit ekzistues t\u00eb lexuesit,<\/li><li>Mund t\u00eb b\u00ebhen raporte dhe statistika.<\/li><\/ul><\/div>\n\t\t\t\t\t\t\t\t\t<div class=\"elementor-tab-title elementor-tab-mobile-title\" aria-selected=\"false\" data-tab=\"6\" role=\"tab\" tabindex=\"-1\" aria-controls=\"elementor-tab-content-2366\" aria-expanded=\"false\">PERIODIKALE<\/div>\n\t\t\t\t\t<div id=\"elementor-tab-content-2366\" class=\"elementor-tab-content elementor-clearfix\" data-tab=\"6\" role=\"tabpanel\" aria-labelledby=\"elementor-tab-title-2366\" tabindex=\"0\" hidden=\"hidden\"><p>Menyja e ndihm\u00ebs elektronike q\u00eb mund t\u00eb p\u00ebrdor\u00eb personeli ofron mund\u00ebsin\u00eb p\u00ebr t\u00eb p\u00ebrpunuar t\u00eb gjitha llojet e periodik\u00ebve si revista, gazeta, vjetore, konferenca, suplemente, indekse. P\u00ebrve\u00e7 funksioneve baz\u00eb; Sistemi kontrollon regjistrimin nga ISSN ose tituj t\u00eb tjer\u00eb p\u00ebr t\u00eb parandaluar regjistrimin e dyfisht\u00eb dhe gjithashtu mb\u00ebshtet Marc21\/edi x12\/sisac.<\/p><p><strong>Moduli i botimeve periodike p\u00ebrmbush funksionet themelore t\u00eb m\u00ebposhtme;<\/strong><\/p><ul><li>Aft\u00ebsia p\u00ebr t\u00eb regjistruar t\u00eb dh\u00ebnat bibliografike t\u00eb periodik\u00ebve<\/li><li>Aft\u00ebsia p\u00ebr t\u00eb krijuar karta botime periodike<\/li><li>Aft\u00ebsia p\u00ebr t\u00eb par\u00eb dhe filtruar listat e numrave<\/li><li>Marrja e numrave n\u00eb hyrje<\/li><li>Aft\u00ebsia p\u00ebr t\u00eb shtuar numra shtes\u00eb<\/li><li>D\u00ebrgo n\u00eb lidhje duke p\u00ebrdorur metod\u00ebn zvarrit dhe l\u00ebsho<\/li><li>Aft\u00ebsia p\u00ebr t&#8217;u b\u00ebr\u00eb pjes\u00eb e revist\u00ebs periodike q\u00eb vjen nga v\u00ebllimi<\/li><\/ul><\/div>\n\t\t\t\t\t\t\t\t\t<div class=\"elementor-tab-title elementor-tab-mobile-title\" aria-selected=\"false\" data-tab=\"7\" role=\"tab\" tabindex=\"-1\" aria-controls=\"elementor-tab-content-2367\" aria-expanded=\"false\">MENAXHIMI DHE MJETET E SISTEMIT<\/div>\n\t\t\t\t\t<div id=\"elementor-tab-content-2367\" class=\"elementor-tab-content elementor-clearfix\" data-tab=\"7\" role=\"tabpanel\" aria-labelledby=\"elementor-tab-title-2367\" tabindex=\"0\" hidden=\"hidden\"><p>Fal\u00eb Mjeteve t\u00eb Menaxhimit t\u00eb Sistemit LIBRID; Nj\u00eb num\u00ebr i caktuar p\u00ebrdoruesish t\u00eb bibliotek\u00ebs (p\u00ebrdoruesit e limitit t\u00eb sip\u00ebrm t\u00eb pakufizuar) lejohen t\u00eb p\u00ebrdorin OPAC p\u00ebr periudha t\u00eb caktuara gjat\u00eb dit\u00ebs (parazgjedhja: 24 or\u00eb).<\/p><ul><li>Rezervimi automatik ofrohet me p\u00ebrkufizime dhe cil\u00ebsime rezerv\u00eb.<\/li><li>Opsionet dhe p\u00ebrkufizimet e gjuh\u00ebs mund t\u00eb b\u00ebhen n\u00eb baz\u00eb t\u00eb nj\u00eb p\u00ebrdoruesi nga p\u00ebrdoruesi.<\/li><li>Jan\u00eb b\u00ebr\u00eb cil\u00ebsimet e pamjes dhe t\u00eb personalizimit.<\/li><li>Ai lejon shtimin e dokumentacionit n\u00eb internet n\u00eb baz\u00eb t\u00eb modulit, duke i lejuar p\u00ebrdoruesit t\u00eb m\u00ebsojn\u00eb leht\u00ebsisht dhe shpejt.<\/li><li>I p\u00ebrshtatsh\u00ebm p\u00ebr nevojat e procesit; Mund t\u00eb p\u00ebrcaktohen paralajm\u00ebrimet e nevojshme dhe mesazhet e gabimit.<\/li><li>P\u00ebrkufizime dhe konfigurime mund t\u00eb b\u00ebhen n\u00eb lidhje me sh\u00ebrbimet dhe p\u00ebrdoruesit RFID.<\/li><li>Sistemi mund t\u00eb kryej\u00eb analiza statistikore (si listim, tabelim, grafik) n\u00eb \u00e7do koh\u00eb sipas parametrave t\u00eb p\u00ebrcaktuar nga biblioteka.<\/li><li>P\u00ebrve\u00e7 raporteve t\u00eb paracaktuara, sistemi mund t\u00eb p\u00ebrgatis\u00eb raporte n\u00eb formatin e d\u00ebshiruar duke p\u00ebrdorur parametrat e p\u00ebrcaktuar nga biblioteka.<\/li><li>Jan\u00eb b\u00ebr\u00eb cil\u00ebsimet Z39.50 klient-server q\u00eb p\u00ebrdoren p\u00ebr shk\u00ebmbimin e informacionit bibliografik.<\/li><li>\u00cbsht\u00eb e mundur transferimi i t\u00eb dh\u00ebnave t\u00eb student\u00ebve dhe stafit kolektivisht n\u00eb sistem.<br \/>P\u00ebrkufizimet e burimit mund t\u00eb b\u00ebhen p\u00ebr t\u00eb marr\u00eb &#8220;mbajtjen&#8221;, autoritetin dhe regjistrimet bibliografike n\u00eb formatin MARC21.<\/li><\/ul><\/div>\n\t\t\t\t\t\t\t\t\t<div class=\"elementor-tab-title elementor-tab-mobile-title\" aria-selected=\"false\" data-tab=\"8\" role=\"tab\" tabindex=\"-1\" aria-controls=\"elementor-tab-content-2368\" aria-expanded=\"false\">RAPORTIMI<\/div>\n\t\t\t\t\t<div id=\"elementor-tab-content-2368\" class=\"elementor-tab-content elementor-clearfix\" data-tab=\"8\" role=\"tabpanel\" aria-labelledby=\"elementor-tab-title-2368\" tabindex=\"0\" hidden=\"hidden\"><p><strong>N\u00eb p\u00ebrgjith\u00ebsi nevojiten n\u00eb biblioteka;<\/strong><\/p><ul><li>Raporti i regjistrimit<\/li><li>List\u00ebn e regjistrimit<\/li><li>Vizitor i l\u00ebvizsh\u00ebm i num\u00ebrimit dhe derdhjes<br \/>fletore e bibliotek\u00ebs<\/li><li>Raporti i KBS-s\u00eb<\/li><li>Raportet e rregullimit t\u00eb pasurive t\u00eb luajtshme<\/li><li>N\u00ebp\u00ebrmjet raportit t\u00eb p\u00ebrgjithsh\u00ebm, mund t\u00eb krijohen raporte t\u00eb ndryshme duke futur dat\u00ebn e fillimit dhe mbarimit sipas llojeve t\u00eb materialit, deg\u00ebs s\u00eb bibliotek\u00ebs, statusit t\u00eb materialit, numrit t\u00eb inventarit, numrit t\u00eb vendndodhjes, numrit t\u00eb regjistrimit t\u00eb llojit t\u00eb ofrimit, ISBN, dat\u00ebs s\u00eb publikimit, botuesit, dat\u00ebs s\u00eb redaktimit ose duke hyr\u00eb n\u00eb intervalin e inventarit.<br \/>Raportet e krijuara mund t\u00eb shikohen dhe ruhen n\u00eb formate pdf dhe excel.<\/li><\/ul><\/div>\n\t\t\t\t\t\t\t<\/div>\n\t\t<\/div>\n\t\t\t\t\t\t<\/div>\n\t\t\t\t<\/div>\n\t\t\t\t\t<\/div>\n\t\t\t\t<\/div>\n\t\t\t\t<\/div>\n\t\t","protected":false},"excerpt":{"rendered":"<p>Pse ? LIBRID \u00ebsht\u00eb sistemi i par\u00eb i integruar i automatizimit t\u00eb bibliotekave RFID n\u00eb bot\u00eb&#8230; Ajo q\u00eb e dallon LIBRID nga t\u00eb gjitha sistemet e tjera t\u00eb automatizimit \u00ebsht\u00eb se \u00ebsht\u00eb projektuar duke pasur parasysh teknologjin\u00eb RFID. LIBRID ofron nj\u00eb spekt\u00ebr t\u00eb gjer\u00eb zgjidhjesh t\u00eb shumta p\u00ebr bibliotekat. P\u00ebrve\u00e7 p\u00ebrdorimit t\u00eb teknologjis\u00eb RFID n\u00eb [&hellip;]<\/p>\n","protected":false},"author":2,"featured_media":0,"parent":0,"menu_order":0,"comment_status":"closed","ping_status":"closed","template":"","meta":{"footnotes":""},"class_list":["post-137","page","type-page","status-publish","hentry","post"],"_links":{"self":[{"href":"https:\/\/bibliotekavirtuale.com\/index.php\/wp-json\/wp\/v2\/pages\/137","targetHints":{"allow":["GET"]}}],"collection":[{"href":"https:\/\/bibliotekavirtuale.com\/index.php\/wp-json\/wp\/v2\/pages"}],"about":[{"href":"https:\/\/bibliotekavirtuale.com\/index.php\/wp-json\/wp\/v2\/types\/page"}],"author":[{"embeddable":true,"href":"https:\/\/bibliotekavirtuale.com\/index.php\/wp-json\/wp\/v2\/users\/2"}],"replies":[{"embeddable":true,"href":"https:\/\/bibliotekavirtuale.com\/index.php\/wp-json\/wp\/v2\/comments?post=137"}],"version-history":[{"count":19,"href":"https:\/\/bibliotekavirtuale.com\/index.php\/wp-json\/wp\/v2\/pages\/137\/revisions"}],"predecessor-version":[{"id":421,"href":"https:\/\/bibliotekavirtuale.com\/index.php\/wp-json\/wp\/v2\/pages\/137\/revisions\/421"}],"wp:attachment":[{"href":"https:\/\/bibliotekavirtuale.com\/index.php\/wp-json\/wp\/v2\/media?parent=137"}],"curies":[{"name":"wp","href":"https:\/\/api.w.org\/{rel}","templated":true}]}}