{"id":158,"date":"2023-12-22T09:35:01","date_gmt":"2023-12-22T09:35:01","guid":{"rendered":"https:\/\/bibliotekavirtuale.com\/?page_id=158"},"modified":"2023-12-23T08:21:10","modified_gmt":"2023-12-23T08:21:10","slug":"docuref-sistemi-i-percjelljes-se-dokumenteve","status":"publish","type":"page","link":"https:\/\/bibliotekavirtuale.com\/index.php\/docuref-sistemi-i-percjelljes-se-dokumenteve\/","title":{"rendered":"DOCUREF-Sistemi i p\u00ebrcjelljes s\u00eb dokumenteve"},"content":{"rendered":"\t\t<div data-elementor-type=\"wp-page\" data-elementor-id=\"158\" class=\"elementor elementor-158\">\n\t\t\t\t<div class=\"elementor-element elementor-element-f148efd e-flex e-con-boxed e-con e-parent\" data-id=\"f148efd\" data-element_type=\"container\">\n\t\t\t\t\t<div class=\"e-con-inner\">\n\t\t\t\t<div class=\"elementor-element elementor-element-712cd5a elementor-widget elementor-widget-shortcode\" data-id=\"712cd5a\" data-element_type=\"widget\" data-widget_type=\"shortcode.default\">\n\t\t\t\t<div class=\"elementor-widget-container\">\n\t\t\t\t\t\t\t<div class=\"elementor-shortcode\"><\/div>\n\t\t\t\t\t\t<\/div>\n\t\t\t\t<\/div>\n\t\t\t\t\t<\/div>\n\t\t\t\t<\/div>\n\t\t<div class=\"elementor-element elementor-element-e98e092 e-flex e-con-boxed e-con e-parent\" data-id=\"e98e092\" data-element_type=\"container\">\n\t\t\t\t\t<div class=\"e-con-inner\">\n\t\t\t\t<div class=\"elementor-element elementor-element-83e9947 elementor-widget elementor-widget-heading\" data-id=\"83e9947\" data-element_type=\"widget\" data-widget_type=\"heading.default\">\n\t\t\t\t<div class=\"elementor-widget-container\">\n\t\t\t\t\t<h2 class=\"elementor-heading-title elementor-size-default\">Pse ?<\/h2>\t\t\t\t<\/div>\n\t\t\t\t<\/div>\n\t\t\t\t\t<\/div>\n\t\t\t\t<\/div>\n\t\t<div class=\"elementor-element elementor-element-af835ba e-flex e-con-boxed e-con e-parent\" data-id=\"af835ba\" data-element_type=\"container\">\n\t\t\t\t\t<div class=\"e-con-inner\">\n\t\t<div class=\"elementor-element elementor-element-15d7b58 e-con-full e-flex e-con e-child\" data-id=\"15d7b58\" data-element_type=\"container\">\n\t\t\t\t<div class=\"elementor-element elementor-element-c612a98 elementor-widget elementor-widget-text-editor\" data-id=\"c612a98\" data-element_type=\"widget\" data-widget_type=\"text-editor.default\">\n\t\t\t\t<div class=\"elementor-widget-container\">\n\t\t\t\t\t\t\t\t\t<p>DOCUREF \u00ebsht\u00eb sistemi m\u00eb i p\u00ebrshtatsh\u00ebm, n\u00eb koh\u00eb reale i arkivave dhe gjurmimit t\u00eb dokumenteve p\u00ebr vendet e pun\u00ebs q\u00eb duhet t\u00eb menaxhojn\u00eb dokumentet dhe duhet t\u00eb k\u00ebrkojn\u00eb dokumente manualisht gjat\u00eb dit\u00ebs. Fal\u00eb DOCUREF, \u00ebsht\u00eb e mundur t\u00eb aksesoni dokumentin e duhur n\u00eb koh\u00ebn e duhur, n\u00eb vendndodhjen e duhur. Menaxhimi efektiv i dokumenteve jo vet\u00ebm q\u00eb i b\u00ebn proceset e biznesit praktik, por gjithashtu rrit sigurin\u00eb dhe besueshm\u00ebrin\u00eb e t\u00eb dh\u00ebnave. Dyert e siguris\u00eb RFID sigurojn\u00eb sigurin\u00eb e dokumenteve duke parandaluar daljet e paautorizuara t\u00eb dokumenteve dhe dosjeve.<\/p>\t\t\t\t\t\t\t\t<\/div>\n\t\t\t\t<\/div>\n\t\t\t\t<\/div>\n\t\t<div class=\"elementor-element elementor-element-ff81fa8 e-con-full e-flex e-con e-child\" data-id=\"ff81fa8\" data-element_type=\"container\">\n\t\t\t\t<div class=\"elementor-element elementor-element-898054e elementor-widget elementor-widget-text-editor\" data-id=\"898054e\" data-element_type=\"widget\" data-widget_type=\"text-editor.default\">\n\t\t\t\t<div class=\"elementor-widget-container\">\n\t\t\t\t\t\t\t\t\t<ul><li>Menaxhimi i arkivave dhe dokumenteve n\u00eb koh\u00eb reale<\/li><li>Gjurmimi efektiv i dokumenteve (zinxhiri i kujdestaris\u00eb)<\/li><li>Gjeni shpejt dokumente t\u00eb pavend<\/li><li>Komoditet operacional n\u00eb menaxhimin e dokumenteve<\/li><li>Raportim i detajuar<\/li><\/ul>\t\t\t\t\t\t\t\t<\/div>\n\t\t\t\t<\/div>\n\t\t\t\t<\/div>\n\t\t\t\t\t<\/div>\n\t\t\t\t<\/div>\n\t\t<div class=\"elementor-element elementor-element-97bed80 e-flex e-con-boxed e-con e-parent\" data-id=\"97bed80\" data-element_type=\"container\">\n\t\t\t\t\t<div class=\"e-con-inner\">\n\t\t<div class=\"elementor-element elementor-element-e216fde e-con-full e-flex e-con e-child\" data-id=\"e216fde\" data-element_type=\"container\">\n\t\t\t\t<div class=\"elementor-element elementor-element-32d7506 elementor-widget elementor-widget-image\" data-id=\"32d7506\" data-element_type=\"widget\" data-widget_type=\"image.default\">\n\t\t\t\t<div class=\"elementor-widget-container\">\n\t\t\t\t\t\t\t\t\t\t\t\t\t\t\t<img decoding=\"async\" width=\"262\" height=\"176\" src=\"https:\/\/bibliotekavirtuale.com\/wp-content\/uploads\/2023\/12\/1.png\" class=\"attachment-large size-large wp-image-166\" alt=\"\" \/>\t\t\t\t\t\t\t\t\t\t\t\t\t\t\t<\/div>\n\t\t\t\t<\/div>\n\t\t\t\t<\/div>\n\t\t<div class=\"elementor-element elementor-element-20b6071 e-con-full e-flex e-con e-child\" data-id=\"20b6071\" data-element_type=\"container\">\n\t\t\t\t<div class=\"elementor-element elementor-element-b3b3988 elementor-widget elementor-widget-image\" data-id=\"b3b3988\" data-element_type=\"widget\" data-widget_type=\"image.default\">\n\t\t\t\t<div class=\"elementor-widget-container\">\n\t\t\t\t\t\t\t\t\t\t\t\t\t\t\t<img decoding=\"async\" width=\"262\" height=\"176\" src=\"https:\/\/bibliotekavirtuale.com\/wp-content\/uploads\/2023\/12\/2.png\" class=\"attachment-large size-large wp-image-167\" alt=\"\" \/>\t\t\t\t\t\t\t\t\t\t\t\t\t\t\t<\/div>\n\t\t\t\t<\/div>\n\t\t\t\t<\/div>\n\t\t<div class=\"elementor-element elementor-element-04d0546 e-con-full e-flex e-con e-child\" data-id=\"04d0546\" data-element_type=\"container\">\n\t\t\t\t<\/div>\n\t\t<div class=\"elementor-element elementor-element-2b5f9eb e-con-full e-flex e-con e-child\" data-id=\"2b5f9eb\" data-element_type=\"container\">\n\t\t\t\t<\/div>\n\t\t\t\t\t<\/div>\n\t\t\t\t<\/div>\n\t\t\t\t<\/div>\n\t\t","protected":false},"excerpt":{"rendered":"<p>Pse ? DOCUREF \u00ebsht\u00eb sistemi m\u00eb i p\u00ebrshtatsh\u00ebm, n\u00eb koh\u00eb reale i arkivave dhe gjurmimit t\u00eb dokumenteve p\u00ebr vendet e pun\u00ebs q\u00eb duhet t\u00eb menaxhojn\u00eb dokumentet dhe duhet t\u00eb k\u00ebrkojn\u00eb dokumente manualisht gjat\u00eb dit\u00ebs. Fal\u00eb DOCUREF, \u00ebsht\u00eb e mundur t\u00eb aksesoni dokumentin e duhur n\u00eb koh\u00ebn e duhur, n\u00eb vendndodhjen e duhur. Menaxhimi efektiv i [&hellip;]<\/p>\n","protected":false},"author":2,"featured_media":0,"parent":0,"menu_order":0,"comment_status":"closed","ping_status":"closed","template":"","meta":{"footnotes":""},"class_list":["post-158","page","type-page","status-publish","hentry","post"],"_links":{"self":[{"href":"https:\/\/bibliotekavirtuale.com\/index.php\/wp-json\/wp\/v2\/pages\/158","targetHints":{"allow":["GET"]}}],"collection":[{"href":"https:\/\/bibliotekavirtuale.com\/index.php\/wp-json\/wp\/v2\/pages"}],"about":[{"href":"https:\/\/bibliotekavirtuale.com\/index.php\/wp-json\/wp\/v2\/types\/page"}],"author":[{"embeddable":true,"href":"https:\/\/bibliotekavirtuale.com\/index.php\/wp-json\/wp\/v2\/users\/2"}],"replies":[{"embeddable":true,"href":"https:\/\/bibliotekavirtuale.com\/index.php\/wp-json\/wp\/v2\/comments?post=158"}],"version-history":[{"count":13,"href":"https:\/\/bibliotekavirtuale.com\/index.php\/wp-json\/wp\/v2\/pages\/158\/revisions"}],"predecessor-version":[{"id":272,"href":"https:\/\/bibliotekavirtuale.com\/index.php\/wp-json\/wp\/v2\/pages\/158\/revisions\/272"}],"wp:attachment":[{"href":"https:\/\/bibliotekavirtuale.com\/index.php\/wp-json\/wp\/v2\/media?parent=158"}],"curies":[{"name":"wp","href":"https:\/\/api.w.org\/{rel}","templated":true}]}}