{"id":213,"date":"2023-12-22T11:12:38","date_gmt":"2023-12-22T11:12:38","guid":{"rendered":"https:\/\/bibliotekavirtuale.com\/?page_id=213"},"modified":"2023-12-23T07:12:13","modified_gmt":"2023-12-23T07:12:13","slug":"raft-kompakt-i-gjenerates-se-re","status":"publish","type":"page","link":"https:\/\/bibliotekavirtuale.com\/index.php\/raft-kompakt-i-gjenerates-se-re\/","title":{"rendered":"Raft kompakt i gjenerat\u00ebs s\u00eb re"},"content":{"rendered":"\t\t<div data-elementor-type=\"wp-page\" data-elementor-id=\"213\" class=\"elementor elementor-213\">\n\t\t\t\t<div class=\"elementor-element elementor-element-3d43718 e-flex e-con-boxed e-con e-parent\" data-id=\"3d43718\" data-element_type=\"container\">\n\t\t\t\t\t<div class=\"e-con-inner\">\n\t\t\t\t<div class=\"elementor-element elementor-element-1bc85ba elementor-widget elementor-widget-shortcode\" data-id=\"1bc85ba\" data-element_type=\"widget\" data-widget_type=\"shortcode.default\">\n\t\t\t\t<div class=\"elementor-widget-container\">\n\t\t\t\t\t\t\t<div class=\"elementor-shortcode\"><\/div>\n\t\t\t\t\t\t<\/div>\n\t\t\t\t<\/div>\n\t\t\t\t\t<\/div>\n\t\t\t\t<\/div>\n\t\t<div class=\"elementor-element elementor-element-d53f2ec e-flex e-con-boxed e-con e-parent\" data-id=\"d53f2ec\" data-element_type=\"container\">\n\t\t\t\t\t<div class=\"e-con-inner\">\n\t\t<div class=\"elementor-element elementor-element-0cb137a e-con-full e-flex e-con e-child\" data-id=\"0cb137a\" data-element_type=\"container\">\n\t\t\t\t<div class=\"elementor-element elementor-element-45cf1d5 elementor-widget elementor-widget-text-editor\" data-id=\"45cf1d5\" data-element_type=\"widget\" data-widget_type=\"text-editor.default\">\n\t\t\t\t<div class=\"elementor-widget-container\">\n\t\t\t\t\t\t\t\t\t<p>Mungesa e hap\u00ebsir\u00ebs fizike n\u00eb biblioteka b\u00ebn q\u00eb koleksionet t\u00eb ruhen n\u00eb p\u00ebrmasa t\u00eb caktuara dhe disa prej tyre t\u00eb d\u00ebrgohen n\u00eb vende t\u00eb tjera p\u00ebr shkak t\u00eb munges\u00ebs s\u00eb hap\u00ebsir\u00ebs. Si rezultat i p\u00ebrdorimit t\u00eb sistemeve t\u00eb kombinuara t\u00eb rafteve n\u00eb magazina n\u00eb biblioteka, \u00ebsht\u00eb e mundur t\u00eb sigurohet m\u00eb shum\u00eb vendosje e materialeve n\u00eb zona m\u00eb t\u00eb vogla dhe t\u00eb aksesohet materiali i d\u00ebshiruar n\u00eb \u00e7do koh\u00eb.<\/p>\t\t\t\t\t\t\t\t<\/div>\n\t\t\t\t<\/div>\n\t\t\t\t<\/div>\n\t\t<div class=\"elementor-element elementor-element-e6b7287 e-con-full e-flex e-con e-child\" data-id=\"e6b7287\" data-element_type=\"container\">\n\t\t\t\t<div class=\"elementor-element elementor-element-142dae4 elementor-widget elementor-widget-image\" data-id=\"142dae4\" data-element_type=\"widget\" data-widget_type=\"image.default\">\n\t\t\t\t<div class=\"elementor-widget-container\">\n\t\t\t\t\t\t\t\t\t\t\t\t\t\t\t<img fetchpriority=\"high\" decoding=\"async\" width=\"720\" height=\"480\" src=\"https:\/\/bibliotekavirtuale.com\/wp-content\/uploads\/2023\/12\/1-2.png\" class=\"attachment-large size-large wp-image-220\" alt=\"\" \/>\t\t\t\t\t\t\t\t\t\t\t\t\t\t\t<\/div>\n\t\t\t\t<\/div>\n\t\t\t\t<\/div>\n\t\t\t\t\t<\/div>\n\t\t\t\t<\/div>\n\t\t<div class=\"elementor-element elementor-element-2fc4665 e-flex e-con-boxed e-con e-parent\" data-id=\"2fc4665\" data-element_type=\"container\">\n\t\t\t\t\t<div class=\"e-con-inner\">\n\t\t<div class=\"elementor-element elementor-element-ab28592 e-con-full e-flex e-con e-child\" data-id=\"ab28592\" data-element_type=\"container\">\n\t\t\t\t<div class=\"elementor-element elementor-element-2a156f3 elementor-widget elementor-widget-image\" data-id=\"2a156f3\" data-element_type=\"widget\" data-widget_type=\"image.default\">\n\t\t\t\t<div class=\"elementor-widget-container\">\n\t\t\t\t\t\t\t\t\t\t\t\t\t\t\t<img decoding=\"async\" width=\"720\" height=\"544\" src=\"https:\/\/bibliotekavirtuale.com\/wp-content\/uploads\/2023\/12\/2-2.png\" class=\"attachment-large size-large wp-image-221\" alt=\"\" \/>\t\t\t\t\t\t\t\t\t\t\t\t\t\t\t<\/div>\n\t\t\t\t<\/div>\n\t\t\t\t<\/div>\n\t\t<div class=\"elementor-element elementor-element-167b752 e-con-full e-flex e-con e-child\" data-id=\"167b752\" data-element_type=\"container\">\n\t\t\t\t<div class=\"elementor-element elementor-element-5706c1d elementor-widget elementor-widget-text-editor\" data-id=\"5706c1d\" data-element_type=\"widget\" data-widget_type=\"text-editor.default\">\n\t\t\t\t<div class=\"elementor-widget-container\">\n\t\t\t\t\t\t\t\t\t<p>Sistemet e kombinuara t\u00eb rafteve jan\u00eb sisteme q\u00eb mund t\u00eb maksimizojn\u00eb p\u00ebrdorimin e hap\u00ebsir\u00ebs duke mbetur plot\u00ebsisht t\u00eb mbyllura kur nuk jan\u00eb n\u00eb p\u00ebrdorim. Me menaxhim manual ose elektronik, korridoret mund t\u00eb krijohen n\u00eb \u00e7do koh\u00eb dhe mund t\u00eb sigurohet akses n\u00eb zon\u00ebn e d\u00ebshiruar. Raftet e kombinuara p\u00ebrb\u00ebhen nga disa rafte t\u00eb l\u00ebvizsh\u00ebm n\u00eb shina t\u00eb montuara n\u00eb dysheme. Elektrikisht, raftet mund t\u00eb hapen nga distanca sipas p\u00ebrzgjedhjes s\u00eb materialit n\u00eb zon\u00ebn e d\u00ebshiruar. P\u00ebr m\u00eb tep\u00ebr, hapja mund t\u00eb b\u00ebhet me dor\u00eb n\u00eb rast t\u00eb nd\u00ebrprerjeve t\u00eb energjis\u00eb. Sistemet e rafteve t\u00eb kombinuara t\u00eb projektuara posa\u00e7\u00ebrisht prodhohen me struktura dhe mekanizma rezistente ndaj zjarrit q\u00eb lejojn\u00eb kontrollin e ajrit t\u00eb kondicionuar t\u00eb brendsh\u00ebm.<\/p>\t\t\t\t\t\t\t\t<\/div>\n\t\t\t\t<\/div>\n\t\t\t\t<\/div>\n\t\t\t\t\t<\/div>\n\t\t\t\t<\/div>\n\t\t<div class=\"elementor-element elementor-element-5fec132 e-flex e-con-boxed e-con e-parent\" data-id=\"5fec132\" data-element_type=\"container\">\n\t\t\t\t\t<div class=\"e-con-inner\">\n\t\t<div class=\"elementor-element elementor-element-44d6ca9 e-con-full e-flex e-con e-child\" data-id=\"44d6ca9\" data-element_type=\"container\">\n\t\t\t\t<div class=\"elementor-element elementor-element-227bbd5 elementor-widget elementor-widget-text-editor\" data-id=\"227bbd5\" data-element_type=\"widget\" data-widget_type=\"text-editor.default\">\n\t\t\t\t<div class=\"elementor-widget-container\">\n\t\t\t\t\t\t\t\t\t<p>Raftet e kombinuara krijojn\u00eb nj\u00eb korridor duke u hapur n\u00eb heshtje dhe shpejt si rezultat i transmetimit t\u00eb seksionit q\u00eb do t\u00eb arrihet n\u00eb sistem. Procesi i hapjes mund t\u00eb b\u00ebhet me dor\u00eb ose elektrike; pas p\u00ebrfundimit t\u00eb procesit, raftet rr\u00ebshqasin n\u00eb shina dhe mbyllen. Proceset e mbylljes dhe hapjes menaxhohen nga sensor\u00eb. Sistemet e rafteve t\u00eb kombinuara, t\u00eb cilat jan\u00eb gjithashtu rezistente ndaj t\u00ebrmeteve, do t\u00eb na mund\u00ebsojn\u00eb t\u00eb mbajm\u00eb m\u00eb shum\u00eb koleksione duke p\u00ebrdorur n\u00eb m\u00ebnyr\u00eb m\u00eb efektive zonat e ruajtjes n\u00eb bibliotek\u00ebn tuaj.<\/p>\t\t\t\t\t\t\t\t<\/div>\n\t\t\t\t<\/div>\n\t\t\t\t<\/div>\n\t\t<div class=\"elementor-element elementor-element-e2e7e5f e-con-full e-flex e-con e-child\" data-id=\"e2e7e5f\" data-element_type=\"container\">\n\t\t\t\t<div class=\"elementor-element elementor-element-315b10c elementor-widget elementor-widget-image\" data-id=\"315b10c\" data-element_type=\"widget\" data-widget_type=\"image.default\">\n\t\t\t\t<div class=\"elementor-widget-container\">\n\t\t\t\t\t\t\t\t\t\t\t\t\t\t\t<img decoding=\"async\" width=\"720\" height=\"470\" src=\"https:\/\/bibliotekavirtuale.com\/wp-content\/uploads\/2023\/12\/3.png\" class=\"attachment-large size-large wp-image-222\" alt=\"\" \/>\t\t\t\t\t\t\t\t\t\t\t\t\t\t\t<\/div>\n\t\t\t\t<\/div>\n\t\t\t\t<\/div>\n\t\t\t\t\t<\/div>\n\t\t\t\t<\/div>\n\t\t\t\t<\/div>\n\t\t","protected":false},"excerpt":{"rendered":"<p>Mungesa e hap\u00ebsir\u00ebs fizike n\u00eb biblioteka b\u00ebn q\u00eb koleksionet t\u00eb ruhen n\u00eb p\u00ebrmasa t\u00eb caktuara dhe disa prej tyre t\u00eb d\u00ebrgohen n\u00eb vende t\u00eb tjera p\u00ebr shkak t\u00eb munges\u00ebs s\u00eb hap\u00ebsir\u00ebs. Si rezultat i p\u00ebrdorimit t\u00eb sistemeve t\u00eb kombinuara t\u00eb rafteve n\u00eb magazina n\u00eb biblioteka, \u00ebsht\u00eb e mundur t\u00eb sigurohet m\u00eb shum\u00eb vendosje e materialeve [&hellip;]<\/p>\n","protected":false},"author":2,"featured_media":0,"parent":0,"menu_order":0,"comment_status":"closed","ping_status":"closed","template":"","meta":{"footnotes":""},"class_list":["post-213","page","type-page","status-publish","hentry","post"],"_links":{"self":[{"href":"https:\/\/bibliotekavirtuale.com\/index.php\/wp-json\/wp\/v2\/pages\/213","targetHints":{"allow":["GET"]}}],"collection":[{"href":"https:\/\/bibliotekavirtuale.com\/index.php\/wp-json\/wp\/v2\/pages"}],"about":[{"href":"https:\/\/bibliotekavirtuale.com\/index.php\/wp-json\/wp\/v2\/types\/page"}],"author":[{"embeddable":true,"href":"https:\/\/bibliotekavirtuale.com\/index.php\/wp-json\/wp\/v2\/users\/2"}],"replies":[{"embeddable":true,"href":"https:\/\/bibliotekavirtuale.com\/index.php\/wp-json\/wp\/v2\/comments?post=213"}],"version-history":[{"count":10,"href":"https:\/\/bibliotekavirtuale.com\/index.php\/wp-json\/wp\/v2\/pages\/213\/revisions"}],"predecessor-version":[{"id":229,"href":"https:\/\/bibliotekavirtuale.com\/index.php\/wp-json\/wp\/v2\/pages\/213\/revisions\/229"}],"wp:attachment":[{"href":"https:\/\/bibliotekavirtuale.com\/index.php\/wp-json\/wp\/v2\/media?parent=213"}],"curies":[{"name":"wp","href":"https:\/\/api.w.org\/{rel}","templated":true}]}}